
469
Calculate the greatest common divisor of 8773500 and 331500.
1500
What is the highest common factor of 458100 and 3075?
75
Calculate the highest common factor of 11187704 and 792.
88
Calculate the highest common divisor of 216409 and 13509860.
571
What is the greatest common divisor of 5359056 and 6240?
48
What is the greatest common divisor of 496 and 1469927?
31
Calculate the highest common divisor of 5548156 and 4.
4
Calculate the greatest common divisor of 93863 and 18243071.
1771
What is the highest common divisor of 347848546 and 298?
298
What is the greatest common factor of 333203730 and 5820?
2910
What is the greatest common divisor of 2094434 and 5918?
538
Calculate the highest common divisor of 70 and 539337190.
70
What is the greatest common divisor of 2976272 and 116272?
208
Calculate the greatest common factor of 212666925 and 1718.
859
Calculate the greatest common divisor of 12810 and 6661566.
366
Calculate the greatest common divisor of 1362 and 1598534.
454
What is the greatest common divisor of 1240538 and 18278?
26
What is the highest common divisor of 1696 and 4658488?
424
What is the greatest common factor of 9527 and 16499?
7
What is the greatest common factor of 21 and 30061346?
7
What is the highest common divisor of 1128 and 6157224?
24
Calculate the highest common factor of 9255 and 38118877.
617
Calculate the highest common divisor of 145518 and 822074.
158
What is the highest common factor of 8371686 and 22794?
786
What is the highest common divisor of 19764 and 8158320?
324
What is the greatest common factor of 3058437 and 6?
3
What is the greatest common factor of 6233538 and 21?
3
What is the greatest common divisor of 94050 and 14663?
11
Calculate the highest common divisor of 2966 and 2157765.
1483
Calculate the greatest common factor of 3220 and 14638085.
35
Calculate the greatest common divisor of 23 and 1516060801.
23
What is the highest common divisor of 6151747 and 28?
7
What is the highest common factor of 2198544 and 982?
2
What is the highest common factor of 3575778 and 6?
6
What is the greatest common divisor of 163044 and 16404?
12
What is the highest common divisor of 150 and 141332910?
30
What is the greatest common divisor of 43566483 and 1261?
97
What is the greatest common factor of 2784 and 3972768?
2784
What is the highest common divisor of 28472577 and 87?
87
Calculate the highest common factor of 38664 and 7170984.
216
What is the highest common factor of 3134269 and 1226?
613
What is the greatest common factor of 293952 and 960?
192
What is the highest common divisor of 2401 and 138817?
49
Calculate the greatest common factor of 528 and 2733522.
66
What is the greatest common factor of 77450 and 534400?
50
Calculate the greatest common divisor of 7056 and 768474.
126
Calculate the greatest common factor of 36 and 8649366.
6
What is the greatest common divisor of 292 and 46862204?
292
What is the greatest common divisor of 183168 and 18192?
48
What is the greatest common divisor of 6807312 and 105165?
369
What is the highest common divisor of 775340 and 6560?
20
What is the greatest common factor of 1970619 and 44298?
321
What is the greatest common factor of 282191 and 313859?
91
Calculate the highest common factor of 1379977 and 575.
23
What is the highest common factor of 9487604 and 96?
4
Calculate the greatest common divisor of 1518886 and 574.
82
Calculate the greatest common factor of 108 and 40060953.
27
What is the highest common divisor of 16488 and 3311798?
458
Calculate the greatest common factor of 6088 and 1870538.
1522
Calculate the highest common factor of 1535040 and 1042015.
2665
What is the greatest common factor of 4066 and 418297882?
4066
Calculate the highest common divisor of 1536 and 668592.
48
What is the highest common divisor of 16 and 33735088?
16
What is the highest common factor of 1948 and 5511866?
974
What is the highest common factor of 15753 and 108847?
89
What is the highest common factor of 1039244 and 1595?
29
What is the highest common factor of 21 and 37647610?
7
Calculate the highest common factor of 204035455 and 65.
65
Calculate the highest common divisor of 596785 and 49419.
289
Calculate the highest common factor of 3098701 and 681588.
6311
Calculate the greatest common factor of 8755 and 8716478.
1751
What is the greatest common divisor of 186780506 and 22?
22
Calculate the greatest common divisor of 53446656 and 1728.
192
What is the greatest common factor of 6306750 and 613857?
8409
Calculate the greatest common divisor of 210 and 491821260.
210
What is the greatest common factor of 92225 and 118265?
1085
What is the greatest common divisor of 1212344206 and 7948?
3974
Calculate the highest common divisor of 48800 and 507215.
305
What is the highest common divisor of 31429636 and 2968?
1484
What is the greatest common factor of 55 and 3743585?
5
Calculate the greatest common factor of 6061557 and 1005.
201
Calculate the greatest common divisor of 181 and 34338053.
181
Calculate the greatest common divisor of 5184 and 11619612.
324
What is the greatest common factor of 3990 and 2620290?
570
What is the highest common factor of 10220 and 28484?
4
What is the highest common factor of 545300 and 779205?
1435
What is the highest common factor of 260 and 160592640?
260
Calculate the greatest common divisor of 5488 and 5659024.
112
What is the greatest common divisor of 9 and 2582846064?
9
Calculate the greatest common factor of 25560 and 685215.
45
What is the highest common divisor of 25473132 and 804?
804
What is the greatest common divisor of 10680530 and 5219?
307
What is the highest common factor of 32 and 8319824?
16
What is the greatest common factor of 427382585 and 2170?
1085
Calculate the highest common factor of 9493 and 1375.
11
Calculate the greatest common divisor of 962 and 9063002.
962
What is the highest common factor of 3 and 93305127?
3
What is the greatest common divisor of 32859114 and 51?
3
Calculate the highest common factor of 19598 and 269042.
82
Calculate the highest common factor of 4 and 116983938.
2
What is the highest common divisor of 1170790 and 29897390?
12070
Calculate the highest common divisor of 31858176 and 68096.
3584
Calculate the highest common factor of 490 and 805023940.
490
Calculate the highest common factor of 213062814 and 402.
402
What is the highest common factor of 4135 and 281328860?
4135
Calculate the highest common factor of 321844176 and 2727.
909
Calculate the highest common divisor of 6384 and 1736364.
84
Calculate the greatest common divisor of 10973194 and 9486.
1054
What is the highest common factor of 18947928 and 51?
51
What is the highest common divisor of 47450 and 7631858?
1898
Calculate the highest common factor of 1425 and 194413035.
285
Calculate the highest common divisor of 19178070 and 30.
30
What is the greatest common factor of 22864 and 67443084?
5716
What is the greatest common divisor of 15946360 and 184?
184
Calculate the greatest common divisor of 1107642424 and 56.
56
Calculate the greatest common divisor of 33508800 and 10920.
1560
What is the highest common factor of 36410 and 4656839?
3641
Calculate the highest common factor of 5906232 and 72.
72
Calculate the greatest common divisor of 10 and 525488710.
10
What is the highest common divisor of 1276931 and 75847?
1039
What is the highest common divisor of 898146245 and 95?
95
Calculate the highest common divisor of 89 and 41647.
1
What is the greatest common factor of 9673700 and 100?
100
Calculate the highest common divisor of 98925198 and 241.
241
What is the greatest common factor of 324270964 and 876?
292
Calculate the greatest common factor of 1675 and 7572206.
67
What is the highest common divisor of 7631561 and 21?
7
Calculate the highest common divisor of 34 and 43967270.
34
Calculate the greatest common factor of 353328236 and 15140.
3028
What is the highest common factor of 1664 and 1654328?
104
Calculate the greatest common factor of 113561 and 79338.
7
Calculate the highest common factor of 30 and 75993675.
15
What is the highest common factor of 593250 and 128625?
2625
Calculate the greatest common factor of 110371216 and 316.
316
Calculate the greatest common divisor of 3580 and 4882940.
20
What i